{"version":"1.0","provider_name":"WOMENHOUSE.cz","provider_url":"https:\/\/womenhouse.cz","author_name":"Jolana Hol\u00e1\u0148ov\u00e1","author_url":"https:\/\/womenhouse.cz\/index.php\/author\/jolhol\/","title":"Barvu roku 2022 najdete i v nab\u00eddce Dermacol - WOMENHOUSE.cz","type":"rich","width":600,"height":338,"html":"<blockquote class=\"wp-embedded-content\" data-secret=\"Sl5i4B6zF0\"><a href=\"https:\/\/womenhouse.cz\/index.php\/2022\/01\/14\/barvu-roku-2022-najdete-i-v-nabidce-dermacol\/\">Barvu roku 2022 najdete i v nab\u00eddce Dermacol<\/a><\/blockquote><iframe sandbox=\"allow-scripts\" security=\"restricted\" src=\"https:\/\/womenhouse.cz\/index.php\/2022\/01\/14\/barvu-roku-2022-najdete-i-v-nabidce-dermacol\/embed\/#?secret=Sl5i4B6zF0\" width=\"600\" height=\"338\" title=\"&#8222;Barvu roku 2022 najdete i v nab\u00eddce Dermacol&#8220; &#8212; WOMENHOUSE.cz\" data-secret=\"Sl5i4B6zF0\" frameborder=\"0\" marginwidth=\"0\" marginheight=\"0\" scrolling=\"no\" class=\"wp-embedded-content\"><\/iframe><script type=\"text\/javascript\">\n\/* <![CDATA[ *\/\n\/*! This file is auto-generated *\/\n!function(d,l){\"use strict\";l.querySelector&&d.addEventListener&&\"undefined\"!=typeof URL&&(d.wp=d.wp||{},d.wp.receiveEmbedMessage||(d.wp.receiveEmbedMessage=function(e){var t=e.data;if((t||t.secret||t.message||t.value)&&!\/[^a-zA-Z0-9]\/.test(t.secret)){for(var s,r,n,a=l.querySelectorAll('iframe[data-secret=\"'+t.secret+'\"]'),o=l.querySelectorAll('blockquote[data-secret=\"'+t.secret+'\"]'),c=new RegExp(\"^https?:$\",\"i\"),i=0;i<o.length;i++)o[i].style.display=\"none\";for(i=0;i<a.length;i++)s=a[i],e.source===s.contentWindow&&(s.removeAttribute(\"style\"),\"height\"===t.message?(1e3<(r=parseInt(t.value,10))?r=1e3:~~r<200&&(r=200),s.height=r):\"link\"===t.message&&(r=new URL(s.getAttribute(\"src\")),n=new URL(t.value),c.test(n.protocol))&&n.host===r.host&&l.activeElement===s&&(d.top.location.href=t.value))}},d.addEventListener(\"message\",d.wp.receiveEmbedMessage,!1),l.addEventListener(\"DOMContentLoaded\",function(){for(var e,t,s=l.querySelectorAll(\"iframe.wp-embedded-content\"),r=0;r<s.length;r++)(t=(e=s[r]).getAttribute(\"data-secret\"))||(t=Math.random().toString(36).substring(2,12),e.src+=\"#?secret=\"+t,e.setAttribute(\"data-secret\",t)),e.contentWindow.postMessage({message:\"ready\",secret:t},\"*\")},!1)))}(window,document);\n\/* ]]> *\/\n<\/script>\n","thumbnail_url":"https:\/\/womenhouse.cz\/wp-content\/uploads\/2022\/01\/3342-3291.jpg","thumbnail_width":1181,"thumbnail_height":1185,"description":"Tak\u00e9 koncem minul\u00e9ho roku institut Pantone ozn\u00e1mil barvu roku, kter\u00e1 by m\u011bla ud\u00e1vat designov\u00e9 trendy ve v\u00edcero odv\u011btv\u00edch. Tou leto\u0161n\u00ed je speci\u00e1ln\u00ed odst\u00edn s\u00a0n\u00e1zvem Veri Peri, kter\u00fd v\u00fdjime\u010dn\u011b nepoch\u00e1z\u00ed z existuj\u00edc\u00edho barevn\u00e9ho portfolia tohoto p\u0159edn\u00edho v\u00fdrobce barev. Na prvn\u00ed pohled p\u016fsob\u00ed jako pastelov\u00e1 fialov\u00e1, ale podle profesion\u00e1l\u016f vznikl f\u00faz\u00ed \u010derven\u00fdch a modr\u00fdch podt\u00f3n\u016f. Reprezentuje pr\u00fd [&hellip;]"}

Jolana Holáňová

Barvu roku 2022 najdete i v nabídce Dermacol - WOMENHOUSE.cz

<blockquote class="wp-embedded-content" data-secret="Sl5i4B6zF0"><a href="https://womenhouse.cz/index.php/2022/01/14/barvu-roku-2022-najdete-i-v-nabidce-dermacol/">Barvu roku 2022 najdete i v nabídce Dermacol</a></blockquote><iframe sandbox="allow-scripts" security="restricted" src="https://womenhouse.cz/index.php/2022/01/14/barvu-roku-2022-najdete-i-v-nabidce-dermacol/embed/#?secret=Sl5i4B6zF0" width="600" height="338" title="&#8222;Barvu roku 2022 najdete i v nabídce Dermacol&#8220; &#8212; WOMENHOUSE.cz" data-secret="Sl5i4B6zF0" frameborder="0" marginwidth="0" marginheight="0" scrolling="no" class="wp-embedded-content"></iframe><script type="text/javascript">
/* <![CDATA[ */
/*! This file is auto-generated */
!function(d,l){"use strict";l.querySelector&&d.addEventListener&&"undefined"!=typeof URL&&(d.wp=d.wp||{},d.wp.receiveEmbedMessage||(d.wp.receiveEmbedMessage=function(e){var t=e.data;if((t||t.secret||t.message||t.value)&&!/[^a-zA-Z0-9]/.test(t.secret)){for(var s,r,n,a=l.querySelectorAll('iframe[data-secret="'+t.secret+'"]'),o=l.querySelectorAll('blockquote[data-secret="'+t.secret+'"]'),c=new RegExp("^https?:$","i"),i=0;i<o.length;i++)o[i].style.display="none";for(i=0;i<a.length;i++)s=a[i],e.source===s.contentWindow&&(s.removeAttribute("style"),"height"===t.message?(1e3<(r=parseInt(t.value,10))?r=1e3:~~r<200&&(r=200),s.height=r):"link"===t.message&&(r=new URL(s.getAttribute("src")),n=new URL(t.value),c.test(n.protocol))&&n.host===r.host&&l.activeElement===s&&(d.top.location.href=t.value))}},d.addEventListener("message",d.wp.receiveEmbedMessage,!1),l.addEventListener("DOMContentLoaded",function(){for(var e,t,s=l.querySelectorAll("iframe.wp-embedded-content"),r=0;r<s.length;r++)(t=(e=s[r]).getAttribute("data-secret"))||(t=Math.random().toString(36).substring(2,12),e.src+="#?secret="+t,e.setAttribute("data-secret",t)),e.contentWindow.postMessage({message:"ready",secret:t},"*")},!1)))}(window,document);
/* ]]> */
</script>

Také koncem minulého roku institut Pantone oznámil barvu roku, která by měla udávat designové trendy ve vícero odvětvích. Tou letošní je speciální odstín s názvem Veri Peri, který výjimečně nepochází z existujícího barevného portfolia tohoto předního výrobce barev. Na první pohled působí jako pastelová fialová, ale podle profesionálů vznikl fúzí červených a modrých podtónů. Reprezentuje prý [&hellip;]
