{"version":"1.0","provider_name":"WOMENHOUSE.cz","provider_url":"https:\/\/womenhouse.cz","author_name":"Petra Kub\u00edkov\u00e1","author_url":"https:\/\/womenhouse.cz\/index.php\/author\/kubip\/","title":"Co zabalit letos pod strome\u010dek? Modern\u00ed elix\u00edr ml\u00e1d\u00ed! - WOMENHOUSE.cz","type":"rich","width":600,"height":338,"html":"<blockquote class=\"wp-embedded-content\" data-secret=\"GdCuTHR2nK\"><a href=\"https:\/\/womenhouse.cz\/index.php\/2020\/12\/01\/co-zabalit-letos-pod-stromecek-moderni-elixir-mladi\/\">Co zabalit letos pod strome\u010dek? Modern\u00ed elix\u00edr ml\u00e1d\u00ed!<\/a><\/blockquote><iframe sandbox=\"allow-scripts\" security=\"restricted\" src=\"https:\/\/womenhouse.cz\/index.php\/2020\/12\/01\/co-zabalit-letos-pod-stromecek-moderni-elixir-mladi\/embed\/#?secret=GdCuTHR2nK\" width=\"600\" height=\"338\" title=\"&#8222;Co zabalit letos pod strome\u010dek? Modern\u00ed elix\u00edr ml\u00e1d\u00ed!&#8220; &#8212; WOMENHOUSE.cz\" data-secret=\"GdCuTHR2nK\" frameborder=\"0\" marginwidth=\"0\" marginheight=\"0\" scrolling=\"no\" class=\"wp-embedded-content\"><\/iframe><script type=\"text\/javascript\">\n\/* <![CDATA[ *\/\n\/*! This file is auto-generated *\/\n!function(d,l){\"use strict\";l.querySelector&&d.addEventListener&&\"undefined\"!=typeof URL&&(d.wp=d.wp||{},d.wp.receiveEmbedMessage||(d.wp.receiveEmbedMessage=function(e){var t=e.data;if((t||t.secret||t.message||t.value)&&!\/[^a-zA-Z0-9]\/.test(t.secret)){for(var s,r,n,a=l.querySelectorAll('iframe[data-secret=\"'+t.secret+'\"]'),o=l.querySelectorAll('blockquote[data-secret=\"'+t.secret+'\"]'),c=new RegExp(\"^https?:$\",\"i\"),i=0;i<o.length;i++)o[i].style.display=\"none\";for(i=0;i<a.length;i++)s=a[i],e.source===s.contentWindow&&(s.removeAttribute(\"style\"),\"height\"===t.message?(1e3<(r=parseInt(t.value,10))?r=1e3:~~r<200&&(r=200),s.height=r):\"link\"===t.message&&(r=new URL(s.getAttribute(\"src\")),n=new URL(t.value),c.test(n.protocol))&&n.host===r.host&&l.activeElement===s&&(d.top.location.href=t.value))}},d.addEventListener(\"message\",d.wp.receiveEmbedMessage,!1),l.addEventListener(\"DOMContentLoaded\",function(){for(var e,t,s=l.querySelectorAll(\"iframe.wp-embedded-content\"),r=0;r<s.length;r++)(t=(e=s[r]).getAttribute(\"data-secret\"))||(t=Math.random().toString(36).substring(2,12),e.src+=\"#?secret=\"+t,e.setAttribute(\"data-secret\",t)),e.contentWindow.postMessage({message:\"ready\",secret:t},\"*\")},!1)))}(window,document);\n\/* ]]> *\/\n<\/script>\n","thumbnail_url":"https:\/\/womenhouse.cz\/wp-content\/uploads\/2020\/12\/vanoce3.jpg","thumbnail_width":1968,"thumbnail_height":1312,"description":"Ka\u017ed\u00e1 \u017eena po n\u00ed tou\u017e\u00ed. Po dokonal\u00e9 pleti, kter\u00e1 bude perfektn\u011b vy\u017eiven\u00e1, hladk\u00e1 a zdrav\u00e1, ide\u00e1ln\u011b bez v\u011bt\u0161\u00ed n\u00e1mahy. Pr\u00e9miov\u00e1 kosmetika, kter\u00e1 se postar\u00e1 o kr\u00e1snou ple\u0165, je proto skv\u011blou inspirac\u00ed pro leto\u0161n\u00ed V\u00e1noce. Darujte tentokr\u00e1t pod strome\u010dek n\u011bco v\u00fdjime\u010dn\u00e9ho &#8211; elix\u00edr ml\u00e1d\u00ed z kmenov\u00fdch bun\u011bk. Pe\u010duj\u00edc\u00ed kosmetiky nen\u00ed nikdy dost. Proto pokud chcete svou [&hellip;]"}

Petra Kubíková

Co zabalit letos pod stromeček? Moderní elixír mládí! - WOMENHOUSE.cz

<blockquote class="wp-embedded-content" data-secret="GdCuTHR2nK"><a href="https://womenhouse.cz/index.php/2020/12/01/co-zabalit-letos-pod-stromecek-moderni-elixir-mladi/">Co zabalit letos pod stromeček? Moderní elixír mládí!</a></blockquote><iframe sandbox="allow-scripts" security="restricted" src="https://womenhouse.cz/index.php/2020/12/01/co-zabalit-letos-pod-stromecek-moderni-elixir-mladi/embed/#?secret=GdCuTHR2nK" width="600" height="338" title="&#8222;Co zabalit letos pod stromeček? Moderní elixír mládí!&#8220; &#8212; WOMENHOUSE.cz" data-secret="GdCuTHR2nK" frameborder="0" marginwidth="0" marginheight="0" scrolling="no" class="wp-embedded-content"></iframe><script type="text/javascript">
/* <![CDATA[ */
/*! This file is auto-generated */
!function(d,l){"use strict";l.querySelector&&d.addEventListener&&"undefined"!=typeof URL&&(d.wp=d.wp||{},d.wp.receiveEmbedMessage||(d.wp.receiveEmbedMessage=function(e){var t=e.data;if((t||t.secret||t.message||t.value)&&!/[^a-zA-Z0-9]/.test(t.secret)){for(var s,r,n,a=l.querySelectorAll('iframe[data-secret="'+t.secret+'"]'),o=l.querySelectorAll('blockquote[data-secret="'+t.secret+'"]'),c=new RegExp("^https?:$","i"),i=0;i<o.length;i++)o[i].style.display="none";for(i=0;i<a.length;i++)s=a[i],e.source===s.contentWindow&&(s.removeAttribute("style"),"height"===t.message?(1e3<(r=parseInt(t.value,10))?r=1e3:~~r<200&&(r=200),s.height=r):"link"===t.message&&(r=new URL(s.getAttribute("src")),n=new URL(t.value),c.test(n.protocol))&&n.host===r.host&&l.activeElement===s&&(d.top.location.href=t.value))}},d.addEventListener("message",d.wp.receiveEmbedMessage,!1),l.addEventListener("DOMContentLoaded",function(){for(var e,t,s=l.querySelectorAll("iframe.wp-embedded-content"),r=0;r<s.length;r++)(t=(e=s[r]).getAttribute("data-secret"))||(t=Math.random().toString(36).substring(2,12),e.src+="#?secret="+t,e.setAttribute("data-secret",t)),e.contentWindow.postMessage({message:"ready",secret:t},"*")},!1)))}(window,document);
/* ]]> */
</script>

Každá žena po ní touží. Po dokonalé pleti, která bude perfektně vyživená, hladká a zdravá, ideálně bez větší námahy. Prémiová kosmetika, která se postará o krásnou pleť, je proto skvělou inspirací pro letošní Vánoce. Darujte tentokrát pod stromeček něco výjimečného &#8211; elixír mládí z kmenových buněk. Pečující kosmetiky není nikdy dost. Proto pokud chcete svou [&hellip;]
