{"version":"1.0","provider_name":"WOMENHOUSE.cz","provider_url":"https:\/\/womenhouse.cz","author_name":"Jolana Hol\u00e1\u0148ov\u00e1","author_url":"https:\/\/womenhouse.cz\/index.php\/author\/jolhol\/","title":"Jakou rt\u011bnku si vyberete pro leto\u0161n\u00ed jaro? - WOMENHOUSE.cz","type":"rich","width":600,"height":338,"html":"<blockquote class=\"wp-embedded-content\" data-secret=\"Y3af26u2iF\"><a href=\"https:\/\/womenhouse.cz\/index.php\/2020\/03\/12\/jakou-rtenku-si-vyberete-pro-letosni-jaro\/\">Jakou rt\u011bnku si vyberete pro leto\u0161n\u00ed jaro?<\/a><\/blockquote><iframe sandbox=\"allow-scripts\" security=\"restricted\" src=\"https:\/\/womenhouse.cz\/index.php\/2020\/03\/12\/jakou-rtenku-si-vyberete-pro-letosni-jaro\/embed\/#?secret=Y3af26u2iF\" width=\"600\" height=\"338\" title=\"&#8222;Jakou rt\u011bnku si vyberete pro leto\u0161n\u00ed jaro?&#8220; &#8212; WOMENHOUSE.cz\" data-secret=\"Y3af26u2iF\" frameborder=\"0\" marginwidth=\"0\" marginheight=\"0\" scrolling=\"no\" class=\"wp-embedded-content\"><\/iframe><script type=\"text\/javascript\">\n\/* <![CDATA[ *\/\n\/*! This file is auto-generated *\/\n!function(d,l){\"use strict\";l.querySelector&&d.addEventListener&&\"undefined\"!=typeof URL&&(d.wp=d.wp||{},d.wp.receiveEmbedMessage||(d.wp.receiveEmbedMessage=function(e){var t=e.data;if((t||t.secret||t.message||t.value)&&!\/[^a-zA-Z0-9]\/.test(t.secret)){for(var s,r,n,a=l.querySelectorAll('iframe[data-secret=\"'+t.secret+'\"]'),o=l.querySelectorAll('blockquote[data-secret=\"'+t.secret+'\"]'),c=new RegExp(\"^https?:$\",\"i\"),i=0;i<o.length;i++)o[i].style.display=\"none\";for(i=0;i<a.length;i++)s=a[i],e.source===s.contentWindow&&(s.removeAttribute(\"style\"),\"height\"===t.message?(1e3<(r=parseInt(t.value,10))?r=1e3:~~r<200&&(r=200),s.height=r):\"link\"===t.message&&(r=new URL(s.getAttribute(\"src\")),n=new URL(t.value),c.test(n.protocol))&&n.host===r.host&&l.activeElement===s&&(d.top.location.href=t.value))}},d.addEventListener(\"message\",d.wp.receiveEmbedMessage,!1),l.addEventListener(\"DOMContentLoaded\",function(){for(var e,t,s=l.querySelectorAll(\"iframe.wp-embedded-content\"),r=0;r<s.length;r++)(t=(e=s[r]).getAttribute(\"data-secret\"))||(t=Math.random().toString(36).substring(2,12),e.src+=\"#?secret=\"+t,e.setAttribute(\"data-secret\",t)),e.contentWindow.postMessage({message:\"ready\",secret:t},\"*\")},!1)))}(window,document);\n\/* ]]> *\/\n<\/script>\n","thumbnail_url":"https:\/\/womenhouse.cz\/wp-content\/uploads\/2020\/03\/alc-39l-teo-dekoeye-00196-mensi.jpg","thumbnail_width":1950,"thumbnail_height":1463,"description":"Jaro si \u017e\u00e1d\u00e1 nov\u00e9 odst\u00edny barev! Pry\u010d s tmav\u00fdmi a matn\u00fdmi odst\u00edny, kter\u00e9 v n\u00e1s evokuj\u00ed studenou zimu. Je \u010das na zm\u011bnu, ALCINA proto p\u0159ich\u00e1z\u00ed s kolekc\u00ed \u201eWhat\u2019s your colour\u201c, kter\u00e1 nab\u00edz\u00ed barvy na rty v \u0161irok\u00e9 palet\u011b t\u00f3n\u016f a v rozmanit\u00fdch textur\u00e1ch, aby si na sv\u00e9 p\u0159i\u0161la ka\u017ed\u00e1 z n\u00e1s. S novou limitkou je [&hellip;]"}

Jolana Holáňová

Jakou rtěnku si vyberete pro letošní jaro? - WOMENHOUSE.cz

<blockquote class="wp-embedded-content" data-secret="Y3af26u2iF"><a href="https://womenhouse.cz/index.php/2020/03/12/jakou-rtenku-si-vyberete-pro-letosni-jaro/">Jakou rtěnku si vyberete pro letošní jaro?</a></blockquote><iframe sandbox="allow-scripts" security="restricted" src="https://womenhouse.cz/index.php/2020/03/12/jakou-rtenku-si-vyberete-pro-letosni-jaro/embed/#?secret=Y3af26u2iF" width="600" height="338" title="&#8222;Jakou rtěnku si vyberete pro letošní jaro?&#8220; &#8212; WOMENHOUSE.cz" data-secret="Y3af26u2iF" frameborder="0" marginwidth="0" marginheight="0" scrolling="no" class="wp-embedded-content"></iframe><script type="text/javascript">
/* <![CDATA[ */
/*! This file is auto-generated */
!function(d,l){"use strict";l.querySelector&&d.addEventListener&&"undefined"!=typeof URL&&(d.wp=d.wp||{},d.wp.receiveEmbedMessage||(d.wp.receiveEmbedMessage=function(e){var t=e.data;if((t||t.secret||t.message||t.value)&&!/[^a-zA-Z0-9]/.test(t.secret)){for(var s,r,n,a=l.querySelectorAll('iframe[data-secret="'+t.secret+'"]'),o=l.querySelectorAll('blockquote[data-secret="'+t.secret+'"]'),c=new RegExp("^https?:$","i"),i=0;i<o.length;i++)o[i].style.display="none";for(i=0;i<a.length;i++)s=a[i],e.source===s.contentWindow&&(s.removeAttribute("style"),"height"===t.message?(1e3<(r=parseInt(t.value,10))?r=1e3:~~r<200&&(r=200),s.height=r):"link"===t.message&&(r=new URL(s.getAttribute("src")),n=new URL(t.value),c.test(n.protocol))&&n.host===r.host&&l.activeElement===s&&(d.top.location.href=t.value))}},d.addEventListener("message",d.wp.receiveEmbedMessage,!1),l.addEventListener("DOMContentLoaded",function(){for(var e,t,s=l.querySelectorAll("iframe.wp-embedded-content"),r=0;r<s.length;r++)(t=(e=s[r]).getAttribute("data-secret"))||(t=Math.random().toString(36).substring(2,12),e.src+="#?secret="+t,e.setAttribute("data-secret",t)),e.contentWindow.postMessage({message:"ready",secret:t},"*")},!1)))}(window,document);
/* ]]> */
</script>

Jaro si žádá nové odstíny barev! Pryč s tmavými a matnými odstíny, které v nás evokují studenou zimu. Je čas na změnu, ALCINA proto přichází s kolekcí „What’s your colour“, která nabízí barvy na rty v široké paletě tónů a v rozmanitých texturách, aby si na své přišla každá z nás. S novou limitkou je [&hellip;]
