{"version":"1.0","provider_name":"WOMENHOUSE.cz","provider_url":"https:\/\/womenhouse.cz","author_name":"Jolana Hol\u00e1\u0148ov\u00e1","author_url":"https:\/\/womenhouse.cz\/index.php\/author\/jolhol\/","title":"Baldinini oslavilo na \u010desk\u00e9m trhu ji\u017e dvac\u00e1t\u00fd rok! - WOMENHOUSE.cz","type":"rich","width":600,"height":338,"html":"<blockquote class=\"wp-embedded-content\" data-secret=\"AOgE6HOpmD\"><a href=\"https:\/\/womenhouse.cz\/index.php\/2019\/07\/01\/baldinini-oslavilo-na-ceskem-trhu-jiz-dvacaty-rok\/\">Baldinini oslavilo na \u010desk\u00e9m trhu ji\u017e dvac\u00e1t\u00fd rok!<\/a><\/blockquote><iframe sandbox=\"allow-scripts\" security=\"restricted\" src=\"https:\/\/womenhouse.cz\/index.php\/2019\/07\/01\/baldinini-oslavilo-na-ceskem-trhu-jiz-dvacaty-rok\/embed\/#?secret=AOgE6HOpmD\" width=\"600\" height=\"338\" title=\"&#8222;Baldinini oslavilo na \u010desk\u00e9m trhu ji\u017e dvac\u00e1t\u00fd rok!&#8220; &#8212; WOMENHOUSE.cz\" data-secret=\"AOgE6HOpmD\" frameborder=\"0\" marginwidth=\"0\" marginheight=\"0\" scrolling=\"no\" class=\"wp-embedded-content\"><\/iframe><script type=\"text\/javascript\">\n\/* <![CDATA[ *\/\n\/*! This file is auto-generated *\/\n!function(d,l){\"use strict\";l.querySelector&&d.addEventListener&&\"undefined\"!=typeof URL&&(d.wp=d.wp||{},d.wp.receiveEmbedMessage||(d.wp.receiveEmbedMessage=function(e){var t=e.data;if((t||t.secret||t.message||t.value)&&!\/[^a-zA-Z0-9]\/.test(t.secret)){for(var s,r,n,a=l.querySelectorAll('iframe[data-secret=\"'+t.secret+'\"]'),o=l.querySelectorAll('blockquote[data-secret=\"'+t.secret+'\"]'),c=new RegExp(\"^https?:$\",\"i\"),i=0;i<o.length;i++)o[i].style.display=\"none\";for(i=0;i<a.length;i++)s=a[i],e.source===s.contentWindow&&(s.removeAttribute(\"style\"),\"height\"===t.message?(1e3<(r=parseInt(t.value,10))?r=1e3:~~r<200&&(r=200),s.height=r):\"link\"===t.message&&(r=new URL(s.getAttribute(\"src\")),n=new URL(t.value),c.test(n.protocol))&&n.host===r.host&&l.activeElement===s&&(d.top.location.href=t.value))}},d.addEventListener(\"message\",d.wp.receiveEmbedMessage,!1),l.addEventListener(\"DOMContentLoaded\",function(){for(var e,t,s=l.querySelectorAll(\"iframe.wp-embedded-content\"),r=0;r<s.length;r++)(t=(e=s[r]).getAttribute(\"data-secret\"))||(t=Math.random().toString(36).substring(2,12),e.src+=\"#?secret=\"+t,e.setAttribute(\"data-secret\",t)),e.contentWindow.postMessage({message:\"ready\",secret:t},\"*\")},!1)))}(window,document);\n\/* ]]> *\/\n<\/script>\n","thumbnail_url":"https:\/\/womenhouse.cz\/wp-content\/uploads\/2019\/07\/12572_0_800_1561801216.jpg","thumbnail_width":1200,"thumbnail_height":800,"description":"Boty Baldinini se ji\u017e d\u00e1vno staly symbolem. Pro n\u011bkoho luxusu, ale pro v\u0161echny symbolem pohodl\u00ed&nbsp; a elegance. \u0160pi\u010dkov\u00fd design, nev\u0161edn\u00ed materi\u00e1ly a \u0161ikovnost italsk\u00fdch \u0161evc\u016f p\u0159ed\u00e1van\u00e1 z otce na syna cel\u00fdch sto let \u2013 tomu se \u0159\u00edk\u00e1 tradice!&nbsp;&nbsp;A spole\u010dnost Baldinini CZ oslavila na \u010desk\u00e9m trhu jubilejn\u00ed dvac\u00e1t\u00fd rok!&nbsp; Kdy\u017e je \u0159e\u010d o luxusn\u00ed nebo pr\u00e9miov\u00e9 [&hellip;]"}

Jolana Holáňová

Baldinini oslavilo na českém trhu již dvacátý rok! - WOMENHOUSE.cz

<blockquote class="wp-embedded-content" data-secret="AOgE6HOpmD"><a href="https://womenhouse.cz/index.php/2019/07/01/baldinini-oslavilo-na-ceskem-trhu-jiz-dvacaty-rok/">Baldinini oslavilo na českém trhu již dvacátý rok!</a></blockquote><iframe sandbox="allow-scripts" security="restricted" src="https://womenhouse.cz/index.php/2019/07/01/baldinini-oslavilo-na-ceskem-trhu-jiz-dvacaty-rok/embed/#?secret=AOgE6HOpmD" width="600" height="338" title="&#8222;Baldinini oslavilo na českém trhu již dvacátý rok!&#8220; &#8212; WOMENHOUSE.cz" data-secret="AOgE6HOpmD" frameborder="0" marginwidth="0" marginheight="0" scrolling="no" class="wp-embedded-content"></iframe><script type="text/javascript">
/* <![CDATA[ */
/*! This file is auto-generated */
!function(d,l){"use strict";l.querySelector&&d.addEventListener&&"undefined"!=typeof URL&&(d.wp=d.wp||{},d.wp.receiveEmbedMessage||(d.wp.receiveEmbedMessage=function(e){var t=e.data;if((t||t.secret||t.message||t.value)&&!/[^a-zA-Z0-9]/.test(t.secret)){for(var s,r,n,a=l.querySelectorAll('iframe[data-secret="'+t.secret+'"]'),o=l.querySelectorAll('blockquote[data-secret="'+t.secret+'"]'),c=new RegExp("^https?:$","i"),i=0;i<o.length;i++)o[i].style.display="none";for(i=0;i<a.length;i++)s=a[i],e.source===s.contentWindow&&(s.removeAttribute("style"),"height"===t.message?(1e3<(r=parseInt(t.value,10))?r=1e3:~~r<200&&(r=200),s.height=r):"link"===t.message&&(r=new URL(s.getAttribute("src")),n=new URL(t.value),c.test(n.protocol))&&n.host===r.host&&l.activeElement===s&&(d.top.location.href=t.value))}},d.addEventListener("message",d.wp.receiveEmbedMessage,!1),l.addEventListener("DOMContentLoaded",function(){for(var e,t,s=l.querySelectorAll("iframe.wp-embedded-content"),r=0;r<s.length;r++)(t=(e=s[r]).getAttribute("data-secret"))||(t=Math.random().toString(36).substring(2,12),e.src+="#?secret="+t,e.setAttribute("data-secret",t)),e.contentWindow.postMessage({message:"ready",secret:t},"*")},!1)))}(window,document);
/* ]]> */
</script>

Boty Baldinini se již dávno staly symbolem. Pro někoho luxusu, ale pro všechny symbolem pohodlí&nbsp; a elegance. Špičkový design, nevšední materiály a šikovnost italských ševců předávaná z otce na syna celých sto let – tomu se říká tradice!&nbsp;&nbsp;A společnost Baldinini CZ oslavila na českém trhu jubilejní dvacátý rok!&nbsp; Když je řeč o luxusní nebo prémiové [&hellip;]
